277?
False
Is 1858687776 a multiple of 16?
True
Is 1417292324 a multiple of 64?
False
Is 198430024 a multiple of 8?
True
Is 9986431 a multiple of 135?
False
Is 86918728 a multiple of 2756?
True
Is 8 a factor of 14316910?
False
Does 29 divide 188062999?
True
Does 107 divide 528772183?
False
Is 917821140 a multiple of 8110?
False
Is 528 a factor of 2440024838?
False
Is 17835708 a multiple of 22?
True
Is 322229016 a multiple of 115?
False
Does 3777 divide 1693833420?
True
Is 133458913 a multiple of 3853?
False
Is 1178195 a multiple of 335?
True
Does 63 divide 13693638?
False
Does 10 divide 1826024?
False
Is 109702645 a multiple of 44?
False
Does 11 divide 39516950?
True
Is 5655160 a multiple of 56?
True
Does 3146 divide 788884152?
False
Is 37 a factor of 347811708?
False
Is 5073 a factor of 925923960?
True
Does 61 divide 122418965?
False
Is 1595475960 a multiple of 30?
True
Does 57 divide 1038818938?
False
Is 47459713 a multiple of 62?
False
Does 88 divide 7540732?
False
Is 23 a factor of 485653349?
True
Is 32711176 a multiple of 1432?
True
Is 2666052 a multiple of 154?
False
Is 193 a factor of 17950351?
True
Is 143431064 a multiple of 222?
False
Is 142828917 a multiple of 4403?
True
Does 1416 divide 25794870?
False
Is 73 a factor of 13528598?
False
Does 109 divide 457332559?
False
Does 39 divide 83779161?
False
Is 1256 a factor of 217856968?
True
Does 19 divide 37199473?
True
Does 30 divide 3230460540?
True
Does 36 divide 545265396?
True
Does 21 divide 786179604?
True
Is 496 a factor of 4392932867?
False
Is 39 a factor of 168216672?
True
Is 1263865634 a multiple of 4517?
True
Is 545 a factor of 418610364?
False
Is 83232898 a multiple of 7?
True
Is 535 a factor of 146873550?
True
Is 57347128 even?
True
Is 24178191 a multiple of 701?
True
Is 305 a factor of 2254233948?
False
Is 4220 a factor of 272496748?
False
Is 28822992 a multiple of 632?
True
Does 56 divide 944106240?
True
Is 503615910 a multiple of 1219?
False
Is 401 a factor of 95949275?
True
Is 4268532807 a multiple of 9?
True
Is 60 a factor of 843660?
True
Does 3244 divide 678385280?
True
Is 4324 a factor of 33117516?
True
Does 64 divide 182507306?
False
Does 3165 divide 5108521325?
False
Does 33 divide 15039987?
False
Is 1253734225 a multiple of 7467?
False
Is 340 a factor of 71684157?
False
Is 24 a factor of 627149904?
True
Does 151 divide 22200856?
False
Is 40087261 a multiple of 46?
False
Is 28559606 a multiple of 1048?
False
Does 283 divide 1947587888?
True
Is 58 a factor of 487020395?
False
Is 81406083 a multiple of 648?
False
Is 149592675 a multiple of 55?
False
Does 15 divide 16436835?
True
Is 24645128 a multiple of 38?
True
Does 27 divide 27230580?
True
Is 11183770 a multiple of 282?
False
Does 65 divide 19479088?
False
Is 321 a factor of 15544425?
True
Is 117215040 a multiple of 160?
True
Does 239 divide 30302796?
False
Does 120 divide 50429544?
False
Does 409 divide 24229160?
True
Is 981162037 a multiple of 10?
False
Is 221 a factor of 92043518?
False
Does 626 divide 471316112?
False
Does 5 divide 1126176980?
True
Is 1018 a factor of 281371128?
True
Is 12 a factor of 379652521?
False
Is 637681410 a multiple of 45?
True
Is 472752522 a multiple of 12793?
True
Does 14 divide 87639860?
True
Does 2584 divide 151231890?
False
Is 1411072 a multiple of 53?
True
Is 116 a factor of 31096700?
True
Is 18470509 a multiple of 5?
False
Does 61 divide 114517038?
False
Does 133 divide 270417994?
True
Does 38 divide 1065063010?
False
Does 5758 divide 1418702104?
True
Is 171344242 a multiple of 3?
False
Is 1702379784 a multiple of 3192?
True
Is 1395 a factor of 220559265?
True
Does 126 divide 1453107726?
True
Is 38263551 a multiple of 151?
True
Does 13 divide 24230141?
True
Is 32 a factor of 52069440?
True
Is 352050930 a multiple of 2849?
True
Is 31012940 a multiple of 2660?
True
Does 254 divide 54610132?
False
Is 1501 a factor of 84092024?
True
Is 168997039 a multiple of 35?
False
Does 22 divide 775873759?
False
Is 1324174995 a multiple of 15?
True
Is 132181142 a multiple of 112?
False
Does 9 divide 126172874?
False
Is 295122244 a multiple of 111?
False
Does 191 divide 204924473?
True
Is 50266018 a multiple of 22?
True
Is 173 a factor of 133684256?
False
Is 5 a factor of 2970110?
True
Is 6341899 a multiple of 21?
False
Is 241387768 a multiple of 14?
False
Does 63 divide 5313691?
False
Is 3000727548 a multiple of 126?
True
Is 3 a factor of 955167544?
False
Is 2060 a factor of 742850420?
True
Is 15 a factor of 2173110?
True
Is 12 a factor of 1956900?
True
Does 267 divide 28174645?
False
Does 24 divide 885288432?
True
Does 6 divide 53123025?
False
Is 543763649 a multiple of 223?
False
Is 444 a factor of 1199783904?
True
Does 21 divide 1096380747?
True
Is 56 a factor of 48171847?
False
Does 256 divide 37137394?
False
Is 5852676 a multiple of 31?
True
Is 258 a factor of 2529314925?
False
Is 12776 a factor of 947454098?
False
Is 266732235 a multiple of 99?
True
Is 52076591 a multiple of 12?
False
Does 9 divide 153987403?
False
Does 2255 divide 357346278?
False
Is 47 a factor of 4895630751?
False
Is 59040993 a multiple of 53?
True
Is 576115200 a multiple of 1350?
True
Does 356 divide 94547548?
True
Is 634 a factor of 510695242?
True
Is 47 a factor of 456944340?
True
Does 7 divide 454516776?
True
Is 149 a factor of 168736032?
False
Is 41225352 a multiple of 1426?
False
Is 27 a factor of 27246321?
True
Does 268 divide 289211442?
False
Is 53 a factor of 3528380908?
False
Is 192980333 a multiple of 3727?
True
Is 431 a factor of 6656625016?
False
Is 1235574604 a multiple of 283?
True
Is 530 a factor of 191079840?
True
Does 132 divide 7616004?
True
Is 358762517 a multiple of 40?
False
Is 182 a factor of 819963483?
False
Is 31 a factor of 153216756?
True
Is 1622 a factor of 50506936?
False
Is 137826946 a multiple of 167?
False
Is 27652095 a multiple of 5?
True
Is 47 a factor of 14104800?
False
Is 328921588 a multiple of 136?
False
Is 14 a factor of 13235864?
False
Does 30 divide 138318520?
False
Is 135 a factor of 12791925?
True
Is 591931968 a multiple of 3616?
True
Is 6394 a factor of 2100713496?
False
Does 6640 divide 4846860643?
False
Is 44706610 a multiple of 13?
True
Does 77 divide 328252796?
False
Is 42 a factor of 2236128678?
True
Is 742885284 a multiple of 17?
False
Does 23 divide 31521967?
False
Does 4 divide 1048984?
True
Is 682031639 a multiple of 2?
False
Is 2094 a factor of 556165632?
False
Does 32 divide 790675488?
True
Is 118000050 a multiple of 1309?
False
Is 1343 a factor of 2467833679?
True
Does 31 divide 2341543652?
False
Is 838586 a multiple of 301?
True
Is 13 a factor of 3134178?
False
Is 19983291 a multiple of 272?
False
Is 11 a factor of 583384?
False
Is 635888101 a multiple of 4305?
False
Is 98 a factor of 56097356?
True
Does 128 divide 13769093?
False
Is 27763456 a multiple of 448?
True
Is 318598005 a multiple of 3443?
True
Does 905 divide 168237613?
False
Does 126 divide 15490566?
True
Does 2965 divide 220176460?
False
Does 579 divide 1087119334?
False
Is 474877026 a multiple of 13?
True
Is 110556979 a multiple of 331?
True
Is 417 a factor of 1088496351?
True
Is 3866202977 a multiple of 10775?
False
Is 4540 a factor of 448717638?
False
Does 69 divide 3283321?
False
Is 1527818439 a multiple of 242?
False
Is 200864980 a multiple of 23?
True
Does 44 divide 94499812?
True
Does 7 divide 50300044?
False
Does 193 divide 565460071?
False
Is 540 a factor of 42120?
True
Does 17 divide 77821876?
False
Is 45066164 a multiple of 512?
False
Is 333 a factor of 5841316947?
False
Does 19 divide 913305696?
False
Is 1537846035 a multiple of 134?
False
Is 302042205 a multiple of 23?
False
Is 541472504 a multiple of 37?
True
Is 3688 a factor of 57020891?
False
Does 1540 divide 1384603220?
True
Is 3 a factor of 95402979?
True
Is 5667 a factor of 435338940?
True
Does 271 divide 10840029?
False
Is 15 a factor of 13257930?
True
Is 17215237 a multiple of 13?
True
Is 123330370 a multiple of 115?
True
Does 740 divide 380024844?
False
Does 20 divide 202112580?
True
Is 342 a factor of 7336351?
False
Is 31 a factor of 320289613?
True
Does 248 divide 28932672?
True
Is 241984993 a multiple of 10?
False
Does 522 divide 30239783?
False
Is 98 a factor of 51407076?
True
Is 1455759890 a multiple of 29?
False
Is 22406